r when 244062 is divided by 85.
27
What is the remainder when 12908058 is divided by 4507?
10
What is the remainder when 6403645 is divided by 3?
1
Calculate the remainder when 383351 is divided by 95.
26
Calculate the remainder when 48203444 is divided by 1135.
1129
Calculate the remainder when 12950222 is divided by 6475019.
184
What is the remainder when 2865070 is divided by 409243?
369
Calculate the remainder when 3274583 is divided by 1091519.
26
What is the remainder when 60264 is divided by 385?
204
Calculate the remainder when 432064 is divided by 6032.
3792
Calculate the remainder when 559810 is divided by 4407.
121
Calculate the remainder when 469039548 is divided by 368.
364
What is the remainder when 3798953 is divided by 4?
1
What is the remainder when 43177 is divided by 14266?
379
Calculate the remainder when 165067141 is divided by 1496.
1493
What is the remainder when 7100612 is divided by 1208?
1196
What is the remainder when 33020099 is divided by 1101?
8
Calculate the remainder when 7025522 is divided by 2721.
2621
Calculate the remainder when 4156767 is divided by 312.
303
What is the remainder when 224475 is divided by 224469?
6
Calculate the remainder when 32642873 is divided by 32642836.
37
What is the remainder when 95914568 is divided by 388318?
22
What is the remainder when 39409284 is divided by 1924?
1916
Calculate the remainder when 173660 is divided by 17342.
240
Calculate the remainder when 694997470 is divided by 2165.
2160
What is the remainder when 303784 is divided by 15169?
404
What is the remainder when 801776 is divided by 166?
162
Calculate the remainder when 3423523 is divided by 29.
15
What is the remainder when 1086596 is divided by 217316?
16
Calculate the remainder when 11095345 is divided by 184.
145
What is the remainder when 89627 is divided by 316?
199
Calculate the remainder when 272589 is divided by 2.
1
Calculate the remainder when 23928665 is divided by 4273.
4138
Calculate the remainder when 92417685 is divided by 46208838.
9
Calculate the remainder when 1449617 is divided by 356.
341
Calculate the remainder when 624061 is divided by 312030.
1
What is the remainder when 743936 is divided by 7293?
50
Calculate the remainder when 53485113 is divided by 1887.
1872
What is the remainder when 30955086 is divided by 3095507?
16
Calculate the remainder when 5641 is divided by 268.
13
What is the remainder when 64687 is divided by 10036?
4471
Calculate the remainder when 53866 is divided by 1065.
616
Calculate the remainder when 1674003 is divided by 834.
165
What is the remainder when 5849751 is divided by 605?
6
What is the remainder when 4564875 is divided by 2701?
185
What is the remainder when 1291318 is divided by 14?
0
What is the remainder when 758383 is divided by 2414?
387
What is the remainder when 119934 is divided by 2070?
1944
Calculate the remainder when 120486 is divided by 8595.
156
What is the remainder when 3408224 is divided by 7?
1
Calculate the remainder when 135468 is divided by 26777.
1583
What is the remainder when 43967 is divided by 15?
2
What is the remainder when 44514759 is divided by 6359242?
65
Calculate the remainder when 71995 is divided by 937.
783
Calculate the remainder when 17036719 is divided by 487.
485
What is the remainder when 19387001 is divided by 561?
524
Calculate the remainder when 1594621221 is divided by 3031.
3028
Calculate the remainder when 2054149 is divided by 61.
35
Calculate the remainder when 2284754 is divided by 2666.
2658
What is the remainder when 704088 is divided by 7909?
187
Calculate the remainder when 5176393 is divided by 350.
243
Calculate the remainder when 2072227472 is divided by 5.
2
Calculate the remainder when 37502806 is divided by 21.
19
What is the remainder when 47505719 is divided by 43?
7
What is the remainder when 1032481 is divided by 135?
1
Calculate the remainder when 72940 is divided by 1790.
1340
Calculate the remainder when 16642929 is divided by 790.
789
Calculate the remainder when 474831 is divided by 255.
21
What is the remainder when 98772235 is divided by 4540?
4535
What is the remainder when 1652502 is divided by 826244?
14
Calculate the remainder when 1474905 is divided by 58994.
55
Calculate the remainder when 51782597 is divided by 11034.
35
Calculate the remainder when 80683 is divided by 757.
441
Calculate the remainder when 183746 is divided by 1267.
31
Calculate the remainder when 15665 is divided by 2506.
629
What is the remainder when 10556918 is divided by 2639203?
106
What is the remainder when 2018168 is divided by 38078?
34
Calculate the remainder when 152643 is divided by 4486.
119
Calculate the remainder when 5537882 is divided by 100.
82
What is the remainder when 426975 is divided by 426924?
51
What is the remainder when 40681555 is divided by 3001?
3000
Calculate the remainder when 659337 is divided by 392.
385
What is the remainder when 37023 is divided by 2591?
749
What is the remainder when 33021 is divided by 4559?
1108
Calculate the remainder when 1854500 is divided by 710.
690
Calculate the remainder when 103782 is divided by 4712.
118
Calculate the remainder when 12178124 is divided by 12178109.
15
Calculate the remainder when 185584666 is divided by 194.
192
Calculate the remainder when 2292822 is divided by 18197.
0
What is the remainder when 800481 is divided by 1118?
1111
What is the remainder when 59678676 is divided by 6630963?
9
What is the remainder when 2930456 is divided by 2381?
1826
Calculate the remainder when 390720 is divided by 390003.
717
Calculate the remainder when 8987266 is divided by 73.
17
Calculate the remainder when 113665 is divided by 72.
49
Calculate the remainder when 45645 is divided by 6476.
313
Calculate the remainder when 216398499 is divided by 1841.
1836
What is the remainder when 8102644 is divided by 13175?
19
What is the remainder when 74927639 is divided by 2242?
2241
Calculate the remainder when 843239995 is divided by 3907.
3906
Calculate the remainder when 38371 is divided by 42.
25
Calculate the remainder when 2456070 is divided by 5374.
152
What is the remainder when 5469136 is divided by 348?
316
What is the remainder when 8209826 is divided by 36488?
26
What is the remainder when 405183 is divided by 134685?
1128
What is the remainder when 173581 is divided by 3009?
2068
What is the remainder when 651310 is divided by 343?
296
Calculate the remainder when 252432533 is divided by 18030895.
3
What is the remainder when 65916 is divided by 209?
81
What is the remainder when 9268348 is divided by 662019?
82
Calculate the remainder when 21189640 is divided by 1059476.
120
What is the remainder when 1126988 is divided by 67?
48
Calculate the remainder when 332447310 is divided by 437.
434
Calculate the remainder when 451213 is divided by 5937.
1
What is the remainder when 35766491 is divided by 183?
56
Calculate the remainder when 77644316 is divided by 1082.
1078
Calculate the remainder when 5902 is divided by 1874.
280
What is the remainder when 16589470 is divided by 201?
136
Calculate the remainder when 2061449 is divided by 2061257.
192
What is the remainder when 746426 is divided by 373016?
394
What is the remainder when 330130 is divided by 80?
50
Calculate the remainder when 400416 is divided by 715.
16
What is the remainder when 6423065 is divided by 61172?
5
Calculate the remainder when 555441 is divided by 5345.
4906
What is the remainder when 9492463 is divided by 84?
43
What is the remainder when 9177106 is divided by 30?
16
Calculate the remainder when 79641970 is divided by 105.
100
What is the remainder when 1581272 is divided by 6672?
8
Calculate the remainder when 70163 is divided by 17171.
1479
Calculate the remainder when 33992127 is divided by 379.
375
Calculate the remainder when 6002641 is divided by 188.
177
Calculate the remainder when 229988 is divided by 2421.
2414
Calculate the remainder when 136317 is divided by 45199.
720
What is the remainder when 25797820 is divided by 404?
400
Calculate the remainder when 1879201 is divided by 626399.
4
Calculate the remainder when 37802104 is divided by 139.
81
Calculate the remainder when 7821490 is divided by 1303579.
16
What is the remainder when 862752 is divided b